6 - 4*d**2. Suppose 5*s + 36 = -34. What is the remainder when 3 is divided by g(s)?
0
What is the remainder when 42 is divided by 3/((-1)/(5 - 4)) + 40?
5
Suppose 0 = 13*i - 822 + 55. What is the remainder when i is divided by 4?
3
Let z = 7 + 1. Suppose 1 + 1 = k. Suppose -14 + 8 = -k*y. Calculate the remainder when z is divided by y.
2
Let i be 2 + (-2)/((-8)/(-12)). Suppose -3*n + 11 = -2*n. Let y = i + n. What is the remainder when 39 is divided by y?
9
Let o be (-14)/(2/10*-1). Suppose -5*w + o = -55. Let d = 3407 + -3336. Calculate the remainder when d is divided by w.
21
Let g be 2*33/12 - 9/18. Let w(u) = -6*u - u**3 + 2*u + 1 + 7*u**2 + 1. What is the remainder when w(g) is divided by 17?
15
Suppose -h + 34 = -2*o, -2*h - 16 = -2*o - 78. What is the remainder when ((-230)/138)/((-2)/126) is divided by h?
21
Let y be (-4 + 3 + -5)*18*-1. Let v = y - 96. What is the remainder when ((-11)/(-3))/(1/12) is divided by v?
8
Let u(s) = -s - 2. Suppose -2 = -k - 2*d, -2*k + 4*d - 13 + 1 = 0. Let q be u(k). Suppose -2*x + 2 + 28 = q. Calculate the remainder when x is divided by 4.
3
Let i(n) = 0 - 97*n - 2 - 1. What is the remainder when i(-1) is divided by 12?
10
Let x be -3 - 70/8 - 1/4. Let l(k) = k**2 + 13*k + 20. Calculate the remainder when 37 is divided by l(x).
5
Let m(f) = f**3 + 17*f**2 + 138*f + 1017. What is the remainder when m(-12) is divided by 21 - 1 - 2/(-2)?
18
Suppose -q = 2*f - 11, -2*f - 14 = -q - 3*f. Let u(z) = z + 4. Calculate the remainder when u(q) is divided by 11.
10
Let q be 2 + (-9)/((-18)/8). Suppose -q*y + 208 = 34. Calculate the remainder when 170 is divided by y.
25
Let i = 10 + -44. Let v = i + 42. Calculate the remainder when 13 is divided by v.
5
Let r(u) = u - 5. Suppose 0*v + 2*y + 8 = -2*v, 3*y = -v - 14. Let s be v*-1*(-17 - 0). Calculate the remainder when 47 is divided by r(s).
11
Let i = -24 - -19. Let o = -21 - i. Calculate the remainder when 15 is divided by (72/32)/((-6)/o).
3
Let q(t) = -4 + 6*t**2 - 8*t - t**2 - 3*t**2 - 2. Suppose 2*f + 3*r - 66 - 48 = 0, -5*f + 259 = r. Calculate the remainder when f is divided by q(6).
15
Suppose 4*u = -u. Let c be (-2 - -8)*-2*4/(-3). Suppose -x = -u*x - c. What is the remainder when 45 is divided by x?
13
Suppose -2*x + 8 = -5*m, 5*x - 5 - 15 = 0. Suppose -q = -m - 3. Suppose -f = w - 12, q*f - 40 = -0*f - w. What is the remainder when 81 is divided by f?
11
Suppose 159 = 28*p - 373. Let o(y) = 3*y**2 + 3*y - 4. Calculate the remainder when o(4) is divided by p.
18
Calculate the remainder when 86 is divided by -7 - (90/8)/(9/(-36)).
10
Suppose -31*r = -21*r - 970. Calculate the remainder when r is divided by 6.
1
Let z(p) = -p**3 - 6*p**2 + 27*p + 15. What is the remainder when 266 is divided by z(-9)?
11
Let v(q) = 4*q + 29. Let y(i) = -i + 1. Let f(u) = v(u) + 3*y(u). What is the remainder when 7 is divided by f(-27)?
2
Calculate the remainder when 503 is divided by 15/(-6) + 517/22.
20
Let r = 49 - 26. Suppose 5*k = 2*b - 41, 52*b = 49*b + k + 29. What is the remainder when r is divided by b?
7
Let y = -143 - -183. Calculate the remainder when 155 is divided by y.
35
Let q = -65 - -5. Let n = q + 168. Calculate the remainder when n is divided by 28.
24
Let c = 1 - 1. Suppose -6*d + 67 = j, -2*j + 35*d + 34 = 37*d. Calculate the remainder when j is divided by c + (3 - 0) + 0.
1
Suppose 11*z + 200 - 1674 = 0. What is the remainder when z is divided by 43?
5
Suppose -110 = -4*n - 610. Let z be n/(-45) + 2/9. Suppose 2*p + 2 = 2*y, z*y = y + 10. What is the remainder when p is divided by 2?
0
Let z(c) = 6*c - 59. What is the remainder when 119 is divided by z(15)?
26
Let i(u) be the third derivative of 5*u**4/12 + 2*u**3 + 5*u**2. Calculate the remainder when i(2) is divided by 18.
14
Suppose -3*n = 8*n - 451. What is the remainder when 244 is divided by n?
39
Let l = -11724 - -11754. Suppose -3*w + 64 = w. What is the remainder when l is divided by w?
14
Suppose -372*a = -369*a - 438. Calculate the remainder when a is divided by 30.
26
Suppose -5*x + 38 = 5*j - 22, -5*j + x + 72 = 0. What is the remainder when j is divided by 8?
6
Suppose 4*f - 8 = 2*v, f + 6*v = v + 2. Let o be 4/(-8) - 5/f. What is the remainder when 5 is divided by 1/(8/o + 3)?
2
Let w(g) = 3*g - 56. Let h be w(20). Suppose -95 = -h*k + 65. Calculate the remainder when k is divided by 11.
7
Let a(p) = -p**3 - p**2 - p + 30. Calculate the remainder when 65 is divided by a(0).
5
Let q(j) = 6*j**2 + 4*j + 15. What is the remainder when q(7) is divided by 5?
2
Let f(p) = -8*p**3 - p**2 + p + 3. Suppose 3*r = -15, -2*w + 28 = -5*w - 5*r. Calculate the remainder when f(w) is divided by (-4)/18 + (-29)/(-9).
0
Suppose 11*k + 31 + 13 = 0. Let u = 17 + k. Suppose 0 = 2*t - t - 25. What is the remainder when t is divided by u?
12
Let j be 9 + (1 - 4) - 3. Suppose -5*p = 2*v - 83, j*p + 2*v = -0*p + 49. What is the remainder when 33 is divided by p?
16
Let w = 27 + -5. Let j(m) = -m**3 - 13*m**2 - 3*m - 17. Let p be j(-13). Suppose 0 = -3*y + p - 10. What is the remainder when w is divided by y?
2
Let d(i) = -2*i + 24. What is the remainder when d(0) is divided by 16?
8
Let x(o) = -4*o**2 - 23*o + 11*o - o**3 + 11*o. Let m(w) = 2*w - 8. Calculate the remainder when x(-6) is divided by m(12).
14
Calculate the remainder when 109 is divided by -13 + 9 - 5/((-25)/120).
9
Suppose 42*y - 4645 = -361. Calculate the remainder when y is divided by (-2)/7 + 368/14.
24
Suppose 5*h - 201 = 2*h + y, y - 67 = -h. Suppose 3*g - 32 = -2*m, -3*m + 4*g + h = -g. What is the remainder when 51 is divided by m?
13
Let d be (16/(-6))/((-10)/(-90)). Suppose -4*y - 5 = 5*i - 66, 2*y + 2*i - 32 = 0. What is the remainder when y is divided by (14/(-3))/(16/d)?
5
Let a(m) = 9*m - 419. Let j = -25 - -59. What is the remainder when a(54) is divided by j?
33
Let y be 239 - ((9 - 4) + -1). Suppose -3 - y = -7*d. Calculate the remainder when d is divided by 12.
10
Suppose 0 = -5*i - 4*j + 520, -3*i - 54*j + 55*j + 312 = 0. Calculate the remainder when i is divided by 58.
46
Let z be ((-3)/(-2))/(9/12). Suppose -j = -0*j - z. Suppose 0 = -3*o - 4*d + 11, 4*d - 11 - 1 = -4*o. Calculate the remainder when j is divided by o.
0
What is the remainder when 60 is divided by (12/(-60))/((-1)/85)?
9
Let v(l) = -39*l**3 - 6*l**2 - 4*l + 2. What is the remainder when v(-1) is divided by 34?
5
Let y = 285 - 189. Let x(d) = -27*d + 1. Calculate the remainder when x(-1) is divided by 1 + -2 + y/6.
13
Suppose 0 = -578*x + 585*x - 16996. What is the remainder when x is divided by 27?
25
Suppose -16 + 4 = -4*c. Calculate the remainder when ((-8)/(-60)*-6)/((-2)/15) is divided by c.
0
Suppose 0 = -3*i - 12*i - 720. Let r(k) = -5*k**2 - 2*k - 2. Let n be r(-4). Let g = i - n. Calculate the remainder when 102 is divided by g.
24
Suppose 44*r = 32*r + 384. Suppose 3*q = 74 - 17. What is the remainder when r is divided by q?
13
Let y = -5367 + 9753. Calculate the remainder when y is divided by 57.
54
Let t be 246/(-4) + 22/44. Let w = t - -77. Calculate the remainder when 53 is divided by w.
5
Suppose o - 4*d - 34 = -5*d, 101 = 4*o - 3*d. Let x(m) = -17*m**3 - m**2. What is the remainder when o is divided by x(-1)?
13
Calculate the remainder when 53 is divided by 94/752 - 270/(-16).
2
Calculate the remainder when (-17)/((-34)/600) - (-5)/(-1) is divided by 27.
25
Let z(s) = -s**2 + 15*s + 23. Let h = -5 - -7. Suppose -4*i + r - 7 = -22, -4*i + 18 = h*r. What is the remainder when z(15) is divided by i?
3
Let z = 17 + -12. Suppose 0 = -4*b + 7*n - 12*n + 112, 0 = 4*b + 3*n - 112. What is the remainder when b is divided by z?
3
Calculate the remainder when (9 - 12)*(-90)/2 + -5 is divided by 34.
28
Let t(s) = 8*s + 44. Let b be t(-5). Suppose c + b*h + 50 = 3*c, -5*c + 111 = -3*h. Calculate the remainder when 37 is divided by c.
16
Let k = -7 - -32. Let m = k - 17. What is the remainder when 13 is divided by m?
5
Let k = 562 - 114. Calculate the remainder when k is divided by 18.
16
Suppose 0 = 5*r + 32 - 307. Let h = r - 46. Suppose -m + 2*z + 41 = 0, m + z + 4*z = 48. What is the remainder when m is divided by h?
7
Suppose 45 = 3*s + 12. Let j be 8 + -3 - 0/(-1). Suppose -139 = -j*w - 5*b + 21, -w - 4*b = -32. What is the remainder when w is divid